
81
Calculate the highest common divisor of 34 and 5100.
34
Calculate the greatest common factor of 219 and 292.
73
Calculate the greatest common divisor of 2366 and 182.
182
Calculate the highest common divisor of 981 and 9.
9
Calculate the highest common factor of 28 and 36.
4
What is the highest common divisor of 351 and 3?
3
What is the highest common factor of 7775 and 1244?
311
Calculate the highest common divisor of 447 and 6407.
149
What is the greatest common divisor of 288 and 360?
72
Calculate the greatest common factor of 25 and 425.
25
Calculate the highest common factor of 192 and 114.
6
Calculate the highest common factor of 57 and 4313.
19
What is the greatest common factor of 1007 and 1273?
19
What is the highest common divisor of 4992 and 39?
39
Calculate the highest common factor of 3 and 1029.
3
What is the highest common divisor of 550 and 22?
22
What is the highest common divisor of 26 and 52?
26
What is the greatest common factor of 21 and 609?
21
What is the greatest common factor of 37 and 1739?
37
What is the highest common divisor of 289 and 2567?
17
What is the greatest common divisor of 161 and 147?
7
What is the highest common divisor of 244 and 3538?
122
Calculate the greatest common divisor of 672 and 84.
84
Calculate the greatest common factor of 9786 and 42.
42
Calculate the highest common divisor of 98 and 182.
14
Calculate the greatest common divisor of 1147 and 496.
31
What is the greatest common factor of 8 and 2240?
8
What is the greatest common divisor of 17227 and 322?
161
What is the greatest common divisor of 1157 and 26?
13
What is the highest common divisor of 680 and 255?
85
What is the greatest common factor of 8 and 4?
4
What is the greatest common divisor of 1156 and 8?
4
Calculate the greatest common divisor of 195 and 2405.
65
What is the highest common divisor of 108 and 270?
54
Calculate the greatest common factor of 20 and 70.
10
Calculate the greatest common factor of 12223 and 68.
17
Calculate the greatest common divisor of 38 and 247.
19
What is the greatest common factor of 1065 and 781?
71
What is the greatest common divisor of 3773 and 121?
11
What is the greatest common factor of 1230 and 45?
15
What is the highest common divisor of 16376 and 178?
178
Calculate the greatest common divisor of 23 and 713.
23
Calculate the greatest common divisor of 2 and 14582.
2
What is the highest common factor of 110 and 30?
10
What is the greatest common divisor of 552 and 32?
8
Calculate the greatest common factor of 38 and 1273.
19
Calculate the highest common factor of 126 and 350.
14
Calculate the greatest common factor of 24 and 5736.
24
Calculate the greatest common divisor of 34 and 527.
17
Calculate the highest common divisor of 41 and 35383.
41
Calculate the greatest common divisor of 227 and 3.
1
Calculate the greatest common divisor of 215 and 43.
43
What is the highest common factor of 32 and 3248?
16
Calculate the highest common divisor of 153 and 189.
9
What is the greatest common factor of 360 and 5540?
20
What is the greatest common divisor of 84 and 1386?
42
What is the greatest common factor of 150 and 450?
150
Calculate the greatest common factor of 136 and 1734.
34
What is the highest common factor of 4984 and 1602?
178
What is the greatest common divisor of 176 and 128?
16
What is the highest common divisor of 26 and 15392?
26
Calculate the greatest common divisor of 45 and 4980.
15
What is the highest common divisor of 102 and 6?
6
What is the highest common divisor of 21 and 45381?
21
Calculate the highest common divisor of 3151 and 46.
23
Calculate the highest common factor of 12 and 264.
12
What is the highest common factor of 805 and 15410?
115
Calculate the highest common divisor of 20803 and 586.
293
Calculate the greatest common divisor of 891 and 11.
11
Calculate the greatest common factor of 420 and 120.
60
Calculate the greatest common divisor of 82 and 2.
2
Calculate the greatest common factor of 17988 and 12.
12
Calculate the highest common factor of 11094 and 2064.
258
What is the highest common factor of 50 and 12050?
50
What is the greatest common divisor of 39 and 3?
3
What is the greatest common factor of 605 and 110?
55
What is the highest common divisor of 30972 and 87?
87
What is the greatest common factor of 715 and 220?
55
What is the greatest common divisor of 3 and 924?
3
What is the highest common divisor of 180 and 1280?
20
Calculate the highest common factor of 1474 and 2442.
22
Calculate the highest common divisor of 12 and 96.
12
Calculate the greatest common factor of 2144 and 64.
32
Calculate the greatest common factor of 32 and 136.
8
Calculate the greatest common divisor of 23 and 17.
1
What is the greatest common divisor of 6 and 11019?
3
What is the highest common divisor of 285 and 893?
19
Calculate the greatest common factor of 100 and 1860.
20
Calculate the highest common divisor of 420 and 20.
20
Calculate the highest common factor of 39 and 3.
3
Calculate the greatest common factor of 715 and 351.
13
Calculate the highest common factor of 18 and 2.
2
What is the greatest common divisor of 23 and 667?
23
Calculate the greatest common factor of 9 and 243.
9
Calculate the greatest common divisor of 54 and 234.
18
Calculate the greatest common factor of 3 and 249.
3
What is the greatest common divisor of 270 and 365?
5
Calculate the greatest common divisor of 24 and 33.
3
Calculate the highest common divisor of 524 and 8.
4
Calculate the highest common factor of 486 and 108.
54
Calculate the highest common divisor of 11 and 121715.
11
Calculate the highest common divisor of 156 and 2886.
78
What is the highest common factor of 2 and 73?
1
What is the greatest common factor of 50 and 1475?
25
Calculate the highest common factor of 95 and 304.
19
Calculate the greatest common divisor of 462 and 957.
33
Calculate the highest common divisor of 246 and 1107.
123
Calculate the greatest common divisor of 6 and 3.
3
Calculate the greatest common divisor of 1674 and 486.
54
Calculate the highest common factor of 48 and 384.
48
What is the highest common divisor of 450 and 18675?
225
Calculate the highest common divisor of 194 and 6014.
194
Calculate the greatest common divisor of 368 and 24.
8
Calculate the greatest common factor of 590 and 10.
10
What is the highest common divisor of 33 and 3597?
33
Calculate the greatest common divisor of 1482 and 78.
78
Calculate the greatest common divisor of 325 and 26.
13
Calculate the highest common factor of 252 and 1680.
84
What is the highest common divisor of 4 and 124?
4
What is the highest common divisor of 16 and 7576?
8
What is the highest common factor of 7944 and 24?
24
Calculate the greatest common factor of 980 and 40.
20
Calculate the greatest common divisor of 192 and 264.
24
What is the highest common factor of 16 and 1296?
16
Calculate the greatest common divisor of 69 and 4.
1
What is the highest common divisor of 26 and 494?
26
What is the greatest common divisor of 119 and 136?
17
Calculate the greatest common divisor of 18 and 312.
6
Calculate the greatest common factor of 3 and 15.
3
What is the highest common divisor of 160 and 35?
5
Calculate the highest common divisor of 46 and 575.
23
Calculate the highest common divisor of 679 and 14.
7
What is the highest common divisor of 178 and 12015?
89
What is the highest common divisor of 38 and 608?
38
What is the greatest common factor of 6241 and 237?
79
Calculate the highest common divisor of 7701 and 68.
17
Calculate the highest common factor of 1608 and 134.
134
What is the highest common divisor of 4530 and 12?
6
What is the highest common divisor of 15 and 310?
5
Calculate the highest common factor of 15584 and 64.
32
What is the highest common divisor of 1845 and 41?
41
Calculate the greatest common factor of 27 and 189.
27
What is the highest common divisor of 576 and 160?
32
What is the highest common factor of 3685 and 67?
67
Calculate the greatest common divisor of 126 and 1197.
63
What is the highest common factor of 15 and 11055?
15
Calculate the highest common divisor of 3650 and 584.
146
What is the highest common factor of 135 and 1905?
15
What is the greatest common divisor of 6 and 10398?
6
What is the greatest common d